[INFO] fetching crate susurrus 0.1.0...
[INFO] checking susurrus-0.1.0 against master#e6e4f7ed1589e03bc2f6c5931c1a72e7947e8682 for beta-170-4
[INFO] extracting crate susurrus 0.1.0 into /workspace/builds/worker-0-tc2/source
[INFO] validating manifest of crates.io crate susurrus 0.1.0 on toolchain e6e4f7ed1589e03bc2f6c5931c1a72e7947e8682
[INFO] running `Command { std: CARGO_HOME="/workspace/cargo-home" RUSTUP_HOME="/workspace/rustup-home" "/workspace/cargo-home/bin/cargo" "+e6e4f7ed1589e03bc2f6c5931c1a72e7947e8682" "metadata" "--manifest-path" "Cargo.toml" "--no-deps", kill_on_drop: false }`
[INFO] started tweaking crates.io crate susurrus 0.1.0
[INFO] finished tweaking crates.io crate susurrus 0.1.0
[INFO] tweaked toml for crates.io crate susurrus 0.1.0 written to /workspace/builds/worker-0-tc2/source/Cargo.toml
[INFO] running `Command { std: CARGO_HOME="/workspace/cargo-home" RUSTUP_HOME="/workspace/rustup-home" __CARGO_TEST_CHANNEL_OVERRIDE_DO_NOT_USE_THIS="nightly" "/workspace/cargo-home/bin/cargo" "+e6e4f7ed1589e03bc2f6c5931c1a72e7947e8682" "generate-lockfile" "--manifest-path" "Cargo.toml" "-Zno-index-update", kill_on_drop: false }`
[INFO] running `Command { std: CARGO_HOME="/workspace/cargo-home" RUSTUP_HOME="/workspace/rustup-home" "/workspace/cargo-home/bin/cargo" "+e6e4f7ed1589e03bc2f6c5931c1a72e7947e8682" "fetch" "--manifest-path" "Cargo.toml", kill_on_drop: false }`
[INFO] running `Command { std: "docker" "create" "-v" "/var/lib/crater-agent-workspace/builds/worker-0-tc2/target:/opt/rustwide/target:rw,Z" "-v" "/var/lib/crater-agent-workspace/builds/worker-0-tc2/source:/opt/rustwide/workdir:ro,Z" "-v" "/var/lib/crater-agent-workspace/cargo-home:/opt/rustwide/cargo-home:ro,Z" "-v" "/var/lib/crater-agent-workspace/rustup-home:/opt/rustwide/rustup-home:ro,Z" "-e" "SOURCE_DIR=/opt/rustwide/workdir" "-e" "CARGO_TARGET_DIR=/opt/rustwide/target" "-e" "CARGO_HOME=/opt/rustwide/cargo-home" "-e" "RUSTUP_HOME=/opt/rustwide/rustup-home" "-w" "/opt/rustwide/workdir" "-m" "1610612736" "--user" "0:0" "--network" "none" "ghcr.io/rust-lang/crates-build-env/linux@sha256:19e73879b68f455e41552ea35293514db52ea292d993f571636dbffedb77a1ee" "/opt/rustwide/cargo-home/bin/cargo" "+e6e4f7ed1589e03bc2f6c5931c1a72e7947e8682" "metadata" "--no-deps" "--format-version=1", kill_on_drop: false }`
[INFO] [stdout] 9cd9234a39258041f9e9530bb3108d95a24111f5574e36afe422a7279d5f1c79
[INFO] running `Command { std: "docker" "start" "-a" "9cd9234a39258041f9e9530bb3108d95a24111f5574e36afe422a7279d5f1c79", kill_on_drop: false }`
[INFO] running `Command { std: "docker" "inspect" "9cd9234a39258041f9e9530bb3108d95a24111f5574e36afe422a7279d5f1c79", kill_on_drop: false }`
[INFO] running `Command { std: "docker" "rm" "-f" "9cd9234a39258041f9e9530bb3108d95a24111f5574e36afe422a7279d5f1c79", kill_on_drop: false }`
[INFO] [stdout] 9cd9234a39258041f9e9530bb3108d95a24111f5574e36afe422a7279d5f1c79
[INFO] running `Command { std: "docker" "create" "-v" "/var/lib/crater-agent-workspace/builds/worker-0-tc2/target:/opt/rustwide/target:rw,Z" "-v" "/var/lib/crater-agent-workspace/builds/worker-0-tc2/source:/opt/rustwide/workdir:ro,Z" "-v" "/var/lib/crater-agent-workspace/cargo-home:/opt/rustwide/cargo-home:ro,Z" "-v" "/var/lib/crater-agent-workspace/rustup-home:/opt/rustwide/rustup-home:ro,Z" "-e" "SOURCE_DIR=/opt/rustwide/workdir" "-e" "CARGO_TARGET_DIR=/opt/rustwide/target" "-e" "CARGO_INCREMENTAL=0" "-e" "RUST_BACKTRACE=full" "-e" "RUSTFLAGS=--cap-lints=forbid" "-e" "RUSTDOCFLAGS=--cap-lints=forbid" "-e" "CARGO_HOME=/opt/rustwide/cargo-home" "-e" "RUSTUP_HOME=/opt/rustwide/rustup-home" "-w" "/opt/rustwide/workdir" "-m" "1610612736" "--user" "0:0" "--network" "none" "ghcr.io/rust-lang/crates-build-env/linux@sha256:19e73879b68f455e41552ea35293514db52ea292d993f571636dbffedb77a1ee" "/opt/rustwide/cargo-home/bin/cargo" "+e6e4f7ed1589e03bc2f6c5931c1a72e7947e8682" "check" "--frozen" "--all" "--all-targets" "--message-format=json", kill_on_drop: false }`
[INFO] [stdout] 12a7b8254959c542738af4c15616a84741c6c2d66df761d3521e662fbb1d1d46
[INFO] running `Command { std: "docker" "start" "-a" "12a7b8254959c542738af4c15616a84741c6c2d66df761d3521e662fbb1d1d46", kill_on_drop: false }`
[INFO] [stderr]    Compiling same-file v1.0.6
[INFO] [stderr]    Compiling libc v0.2.144
[INFO] [stderr]    Compiling serde v1.0.163
[INFO] [stderr]     Checking signature v1.6.4
[INFO] [stderr]     Checking ed25519 v1.5.3
[INFO] [stderr]    Compiling walkdir v2.3.3
[INFO] [stderr]    Compiling libsodium-sys v0.2.7
[INFO] [stderr]     Checking sodiumoxide v0.2.7
[INFO] [stderr]     Checking susurrus v0.1.0 (/opt/rustwide/workdir)
[INFO] [stdout] error[E0425]: cannot find value `HASHBYTES` in module `sha512`
[INFO] [stdout]   --> src/session.rs:43:39
[INFO] [stdout]    |
[INFO] [stdout] 43 |     let nkey = if key.len() > sha512::HASHBYTES {
[INFO] [stdout]    |                                       ^^^^^^^^^ not found in `sha512`
[INFO] [stdout] 
[INFO] [stdout] 
[INFO] [stdout] error[E0425]: cannot find value `HASHBYTES` in module `sha512`
[INFO] [stdout]   --> src/session.rs:46:37
[INFO] [stdout]    |
[INFO] [stdout] 46 |         let mut arr = [0u8; sha512::HASHBYTES];
[INFO] [stdout]    |                                     ^^^^^^^^^ not found in `sha512`
[INFO] [stdout] 
[INFO] [stdout] 
[INFO] [stdout] error[E0425]: cannot find value `HASHBYTES` in module `sha512`
[INFO] [stdout]   --> src/session.rs:43:39
[INFO] [stdout]    |
[INFO] [stdout] 43 |     let nkey = if key.len() > sha512::HASHBYTES {
[INFO] [stdout]    |                                       ^^^^^^^^^ not found in `sha512`
[INFO] [stdout] 
[INFO] [stdout] 
[INFO] [stdout] warning: use of deprecated macro `try`: use the `?` operator instead
[INFO] [stdout]    --> src/session.rs:227:67
[INFO] [stdout]     |
[INFO] [stdout] 227 |                     self.rs = Some(PubKey(make_fixed!(u8, DH_LEN, try!(NoiseBody::read(&data[off..off+DH_LEN+MAC_LEN])
[INFO] [stdout]     |                                                                   ^^^
[INFO] [stdout]     |
[INFO] [stdout]     = note: `#[warn(deprecated)]` on by default
[INFO] [stdout] 
[INFO] [stdout] 
[INFO] [stdout] warning: use of deprecated macro `try`: use the `?` operator instead
[INFO] [stdout]    --> src/session.rs:242:23
[INFO] [stdout]     |
[INFO] [stdout] 242 |         let payload = try!(NoiseBody::read(&data[off..]).decrypt(&k, &n, &a[..]));
[INFO] [stdout]     |                       ^^^
[INFO] [stdout] 
[INFO] [stdout] 
[INFO] [stdout] error[E0425]: cannot find value `HASHBYTES` in module `sha512`
[INFO] [stdout]   --> src/session.rs:46:37
[INFO] [stdout]    |
[INFO] [stdout] 46 |         let mut arr = [0u8; sha512::HASHBYTES];
[INFO] [stdout]    |                                     ^^^^^^^^^ not found in `sha512`
[INFO] [stdout] 
[INFO] [stdout] 
[INFO] [stdout] error[E0425]: cannot find function `gen_nonce` in module `chacha20`
[INFO] [stdout]    --> src/session.rs:319:27
[INFO] [stdout]     |
[INFO] [stdout] 319 |     let nonce = chacha20::gen_nonce();
[INFO] [stdout]     |                           ^^^^^^^^^ not found in `chacha20`
[INFO] [stdout]     |
[INFO] [stdout] help: consider importing one of these items
[INFO] [stdout]     |
[INFO] [stdout] 2   + use sodiumoxide::crypto::aead::gen_nonce;
[INFO] [stdout]     |
[INFO] [stdout] 2   + use sodiumoxide::crypto::box_::gen_nonce;
[INFO] [stdout]     |
[INFO] [stdout] 2   + use sodiumoxide::crypto::secretbox::gen_nonce;
[INFO] [stdout]     |
[INFO] [stdout] 2   + use sodiumoxide::crypto::stream::gen_nonce;
[INFO] [stdout]     |
[INFO] [stdout]       and 1 other candidate
[INFO] [stdout] help: if you import `gen_nonce`, refer to it directly
[INFO] [stdout]     |
[INFO] [stdout] 319 -     let nonce = chacha20::gen_nonce();
[INFO] [stdout] 319 +     let nonce = gen_nonce();
[INFO] [stdout]     |
[INFO] [stdout] 
[INFO] [stdout] 
[INFO] [stdout] warning: use of deprecated macro `try`: use the `?` operator instead
[INFO] [stdout]    --> src/session.rs:227:67
[INFO] [stdout]     |
[INFO] [stdout] 227 |                     self.rs = Some(PubKey(make_fixed!(u8, DH_LEN, try!(NoiseBody::read(&data[off..off+DH_LEN+MAC_LEN])
[INFO] [stdout]     |                                                                   ^^^
[INFO] [stdout]     |
[INFO] [stdout]     = note: `#[warn(deprecated)]` on by default
[INFO] [stdout] 
[INFO] [stdout] 
[INFO] [stdout] warning: use of deprecated macro `try`: use the `?` operator instead
[INFO] [stdout]    --> src/session.rs:242:23
[INFO] [stdout]     |
[INFO] [stdout] 242 |         let payload = try!(NoiseBody::read(&data[off..]).decrypt(&k, &n, &a[..]));
[INFO] [stdout]     |                       ^^^
[INFO] [stdout] 
[INFO] [stdout] 
[INFO] [stdout] error[E0609]: no field `0` on type `Result<GroupElement, ()>`
[INFO] [stdout]   --> src/session.rs:66:95
[INFO] [stdout]    |
[INFO] [stdout] 66 |     curve25519::scalarmult(&curve25519::Scalar(*privkey), &curve25519::GroupElement(*pubkey)).0
[INFO] [stdout]    |                                                                                               ^
[INFO] [stdout] 
[INFO] [stdout] 
[INFO] [stdout] error[E0609]: no field `0` on type `Result<GroupElement, ()>`
[INFO] [stdout]   --> src/session.rs:66:95
[INFO] [stdout]    |
[INFO] [stdout] 66 |     curve25519::scalarmult(&curve25519::Scalar(*privkey), &curve25519::GroupElement(*pubkey)).0
[INFO] [stdout]    |                                                                                               ^
[INFO] [stdout] 
[INFO] [stdout] 
[INFO] [stdout] error: aborting due to 3 previous errors; 2 warnings emitted
[INFO] [stdout] 
[INFO] [stdout] 
[INFO] [stdout] Some errors have detailed explanations: E0425, E0609.
[INFO] [stdout] 
[INFO] [stdout] For more information about an error, try `rustc --explain E0425`.
[INFO] [stdout] 
[INFO] [stdout] error: aborting due to 4 previous errors; 2 warnings emitted
[INFO] [stdout] 
[INFO] [stdout] 
[INFO] [stdout] Some errors have detailed explanations: E0425, E0609.
[INFO] [stdout] 
[INFO] [stdout] For more information about an error, try `rustc --explain E0425`.
[INFO] [stdout] 
[INFO] [stderr] error: could not compile `susurrus` (lib) due to 4 previous errors; 2 warnings emitted
[INFO] [stderr] warning: build failed, waiting for other jobs to finish...
[INFO] [stderr] error: could not compile `susurrus` (lib test) due to 5 previous errors; 2 warnings emitted
[INFO] running `Command { std: "docker" "inspect" "12a7b8254959c542738af4c15616a84741c6c2d66df761d3521e662fbb1d1d46", kill_on_drop: false }`
[INFO] running `Command { std: "docker" "rm" "-f" "12a7b8254959c542738af4c15616a84741c6c2d66df761d3521e662fbb1d1d46", kill_on_drop: false }`
[INFO] [stdout] 12a7b8254959c542738af4c15616a84741c6c2d66df761d3521e662fbb1d1d46
